3 a factor of 697?
False
Does 14 divide 3831?
False
Is 9 a factor of 43965?
True
Does 21 divide 945?
True
Is 35 a factor of 1575?
True
Does 12 divide 8364?
True
Does 23 divide 2687?
False
Is 385 a factor of 6160?
True
Is 23 a factor of 2922?
False
Is 260 a multiple of 23?
False
Is 18291 a multiple of 355?
False
Is 12 a factor of 8628?
True
Does 17 divide 1190?
True
Does 43 divide 1618?
False
Is 3 a factor of 574?
False
Is 24 a factor of 3810?
False
Does 18 divide 1260?
True
Is 28 a factor of 21756?
True
Is 40 a factor of 1600?
True
Does 16 divide 1136?
True
Is 17 a factor of 901?
True
Is 50 a factor of 950?
True
Is 1566 a multiple of 58?
True
Is 22 a factor of 1575?
False
Is 380 a multiple of 20?
True
Is 5 a factor of 595?
True
Is 442 a multiple of 13?
True
Is 34305 a multiple of 29?
False
Is 9 a factor of 2058?
False
Is 1320 a multiple of 5?
True
Is 9 a factor of 22959?
True
Does 13 divide 325?
True
Is 29 a factor of 53744?
False
Does 14 divide 146?
False
Is 30 a factor of 180?
True
Does 44 divide 660?
True
Is 51 a factor of 48501?
True
Is 83520 a multiple of 58?
True
Is 6186 a multiple of 15?
False
Does 18 divide 349?
False
Is 124 a factor of 7440?
True
Is 2971 a multiple of 26?
False
Does 18 divide 149400?
True
Does 100 divide 6300?
True
Is 62 a factor of 2418?
True
Is 637 a multiple of 21?
False
Is 54 a factor of 982?
False
Is 89145 a multiple of 315?
True
Does 66 divide 396?
True
Does 13 divide 5453?
False
Does 14 divide 5432?
True
Is 348 a multiple of 6?
True
Is 8 a factor of 415?
False
Does 4 divide 119?
False
Is 711 a multiple of 14?
False
Is 19817 a multiple of 15?
False
Is 12 a factor of 2423?
False
Is 293 a multiple of 195?
False
Does 2 divide 59?
False
Is 2443 even?
False
Is 3960 a multiple of 20?
True
Does 5 divide 665?
True
Does 43 divide 9583?
False
Is 11 a factor of 1089?
True
Is 11 a factor of 3073?
False
Does 26 divide 1898?
True
Is 22 a factor of 17335?
False
Does 8 divide 30870?
False
Is 38 a factor of 3306?
True
Is 48608 a multiple of 62?
True
Is 114 a multiple of 13?
False
Does 207 divide 10213?
False
Is 18 a multiple of 18?
True
Does 28 divide 672?
True
Does 33 divide 218?
False
Is 1422 a multiple of 7?
False
Is 9 a factor of 1092?
False
Is 120 a multiple of 5?
True
Is 5140 a multiple of 57?
False
Does 21 divide 1140?
False
Does 13 divide 390?
True
Is 25 a factor of 1200?
True
Does 3 divide 87?
True
Is 20 a factor of 400?
True
Does 20 divide 1103?
False
Is 426 a multiple of 4?
False
Is 20 a factor of 8555?
False
Is 10 a factor of 630?
True
Does 3 divide 237?
True
Does 44 divide 4092?
True
Does 89 divide 3115?
True
Is 1356 a multiple of 12?
True
Is 948 a multiple of 6?
True
Is 127 a factor of 42672?
True
Is 290 a factor of 69000?
False
Is 15 a factor of 225?
True
Is 30972 a multiple of 174?
True
Is 808 a multiple of 42?
False
Is 15 a factor of 330?
True
Does 71 divide 2643?
False
Is 3099 even?
False
Is 15 a factor of 75004?
False
Is 4524 a multiple of 13?
True
Is 43 a factor of 4773?
True
Does 12 divide 8064?
True
Is 60 a factor of 991?
False
Is 4217 even?
False
Is 35 a factor of 1905?
False
Is 184 a multiple of 46?
True
Is 2968 a multiple of 14?
True
Does 75 divide 50034?
False
Is 19 a factor of 34580?
True
Does 82 divide 5900?
False
Does 14 divide 4046?
True
Is 121765 a multiple of 245?
True
Does 18 divide 766?
False
Is 4560 a multiple of 24?
True
Is 20469 a multiple of 20?
False
Is 18 a factor of 32524?
False
Is 183 a multiple of 7?
False
Is 8 a factor of 1999?
False
Is 284 a multiple of 4?
True
Is 25117 a multiple of 218?
False
Does 8 divide 8675?
False
Is 72704 a multiple of 71?
True
Does 18 divide 612?
True
Does 17 divide 1283?
False
Does 15 divide 79?
False
Does 32 divide 25596?
False
Is 13 a factor of 18174?
True
Is 840 a multiple of 70?
True
Is 4452 a multiple of 12?
True
Is 5412 a multiple of 11?
True
Is 2651 a multiple of 11?
True
Is 110173 a multiple of 14?
False
Is 38190 a multiple of 31?
False
Is 8 a factor of 300?
False
Is 5 a factor of 863?
False
Does 41 divide 1509?
False
Is 11 a factor of 676?
False
Does 14 divide 4382?
True
Is 5757 a multiple of 101?
True
Is 1093 a multiple of 2?
False
Is 124 a multiple of 62?
True
Is 88 a factor of 968?
True
Is 488 a multiple of 8?
True
Is 106 a factor of 7314?
True
Is 7746 a multiple of 142?
False
Does 93 divide 22599?
True
Is 1377 a multiple of 17?
True
Does 186 divide 3723?
False
Is 207 a factor of 23674?
False
Does 44 divide 34101?
False
Is 28 a factor of 2293?
False
Is 23669 a multiple of 41?
False
Is 1204 a multiple of 30?
False
Is 960 a multiple of 64?
True
Is 54 a factor of 32832?
True
Does 42 divide 13616?
False
Is 5680 a multiple of 50?
False
Does 18 divide 455?
False
Is 21 a factor of 11938?
False
Does 19 divide 1571?
False
Is 51 a factor of 6652?
False
Is 66 a factor of 29001?
False
Is 13 a factor of 17?
False
Does 347 divide 128874?
False
Is 2 a factor of 316?
True
Is 8 a factor of 644?
False
Is 12 a factor of 1572?
True
Is 6 a factor of 378?
True
Does 32 divide 1859?
False
Is 3 a factor of 433?
False
Does 30 divide 1110?
True
Does 19 divide 2676?
False
Is 22 a factor of 20751?
False
Does 10 divide 430?
True
Is 1353 a multiple of 41?
True
Does 16 divide 7520?
True
Is 7384 a multiple of 10?
False
Does 129 divide 44118?
True
Does 21 divide 351?
False
Is 24 a factor of 38217?
False
Does 8 divide 6024?
True
Is 499 a multiple of 32?
False
Is 57 a factor of 56259?
True
Is 16 a factor of 18632?
False
Does 16 divide 1439?
False
Is 260 a multiple of 13?
True
Does 14 divide 67858?
True
Does 32 divide 15968?
True
Does 4 divide 1134?
False
Is 2583 a multiple of 21?
True
Is 603 a multiple of 201?
True
Does 35 divide 1368?
False
Is 3 a factor of 2133?
True
Does 5 divide 708?
False
Does 13 divide 62?
False
Does 15 divide 615?
True
Does 17 divide 1258?
True
Is 4 a factor of 389?
False
Is 514 a multiple of 257?
True
Does 55 divide 2860?
True
Is 20 a factor of 15440?
True
Does 157 divide 22137?
True
Is 9504 a multiple of 72?
True
Is 69 a factor of 6727?
False
Is 77 a multiple of 6?
False
Is 2 a factor of 1346?
True
Is 412 a multiple of 4?
True
Is 3003 a multiple of 21?
True
Is 109 a factor of 4678?
False
Is 198 a multiple of 18?
True
Does 24 divide 425?
False
Does 29 divide 7434?
False
Is 6 a factor of 10333?
False
Is 8856 a multiple of 12?
True
Does 8 divide 203?
False
Is 102 a multiple of 3?
True
Is 187 a multiple of 12?
False
Does 27 divide 136?
False
Is 1433 a multiple of 5?
False
Is 1503 a multiple of 4?
False
Is 21 a factor of 189?
True
Is 25 a factor of 14375?
True
Is 23185 a multiple of 43?
False
Is 3011 a multiple of 65?
False
Does 10 divide 48?
False
Is 9 a factor of 5616?
True
Does 7 divide 406?
True
Is 4540 a multiple of 10?
True
Is 19 a factor of 8341?
True
Is 325 a multiple of 5?
True
Is 36 a multiple of 16?
False
Does 81 divide 17415?
True
Does 12 divide 84?
True
Is 13 a factor of 5082?
False
Is 10170 a multiple of 10?
True
Is 13870 a multiple of 190?
True
Is 210 a factor of 13020?
True
Is 24 a factor of 13560?
True
Does 33 divide 46299?
True
Is 79 a multiple of 49?
False
Is 35767 a multiple of 300?
False
Does 13 divide 3996?
False
Does 3 divide 4879?
False
Is 11781 a multiple of 21?
True
Is 16 a factor of 9584?
True
Is 55321 a multiple of 18?
False
Does 10 divide 317?
False
Does 78 divide 312?
True
Is 60708 a multiple of 267?
False
Is 14 a factor of 1263?
False
Is 7622 a multiple of 103?
True
Is 930 a multiple of 12?
False
Does 23 divide 5244?
True
Is 1461 a multiple of 4?
False
Does 28 divide 4343?
False
Is 101 a factor of 4343?
True
Is 9 a factor of 104?
False
Does 17 divide 15113?
True
Is 107 a factor of 2996?
True
Is 209 a multiple of 88?
False
Is 9 a factor of 6906?
False
Is 24 a factor of 453?
False
Does 19 divide 60781?
True
Does 7 divide 1484?
True
Does 28 divide 2034?
False
Does 18 divide 304?
False
Does 67 divide 1742?
True
Is 966 a multiple of 33?
False
Does 11 divide 480?
False
Is 10051 a multiple of 206?
False
Is 6 a factor of 930?
True
Does 10 divide 260?
True
Is 17730 a multiple of 18?
True
Does 152 divide 18392?
True
Is 18 a factor of 57?
False
Does 11 divide 2203?
False
Is 49 a factor of 1014?
False
Is 60 a factor of 41940?
True
Is 307 a multiple of 5?
False
Is 805 a multiple of 35?
True
Is 1233 a multiple of 66?
False
Is 2 a factor of 